g - 5. Suppose 0*u - 3*u = -g. Let c be i(u). What is the highest common divisor of 2 and c?
2
Let s(m) = -2*m - 6. Let q be s(-5). Suppose 0 = -3*l + 4*z - 0*z + 80, 0 = 3*l - 3*z - 75. Calculate the highest common divisor of l and q.
4
Let r = 381 - 84. Calculate the highest common factor of 27 and r.
27
Suppose 304 = 3*x - p, -3*p + 2*p - 1 = 0. Let w = 74 + x. Let t = -115 + w. What is the highest common factor of 15 and t?
15
Suppose 2*n - 14 = -6. Suppose n*c = -c + 225. Suppose 5*j + 4*l - 70 = -0*l, -2*j - 5*l + c = 0. Calculate the greatest common divisor of j and 10.
10
Suppose 2*k - o - 32 = 4, -2*k - o = -36. Suppose -2*g + 4*g = 324. What is the greatest common divisor of g and k?
18
Suppose 0 = 2*f + 3*h - 14 - 58, 0 = -f - 2*h + 34. Calculate the greatest common divisor of f and 6.
6
Let x = 4 - 6. Let m be (6/(-8))/(x/32). What is the highest common divisor of 30 and m?
6
Let g = 3 - 1. Let d = g + 6. Suppose 0 = -u + 3*u - 4. Calculate the greatest common factor of u and d.
2
Let h(l) = l**3 - 3*l**2 + l - 3. Let j be h(5). Suppose 0 = 4*z + 2*a - j, -z = -a - 4*a - 2. Calculate the greatest common factor of z and 3.
3
Suppose -2*n = 1 - 5. Let u = 31 - 23. What is the highest common factor of u and n?
2
Let t(u) = -u**3 - 24*u**2 - 2*u - 27. Let s be t(-24). Calculate the highest common factor of s and 14.
7
Let w(f) = -3*f + 2. Let x(d) = -1. Let l(p) = -w(p) - 2*x(p). Let c be l(4). Suppose z + 396 = 4*z. What is the highest common divisor of z and c?
12
Suppose d = h + 4 + 38, -4*d - 3*h = -168. What is the greatest common divisor of 14 and d?
14
Let g be (-8)/(-12)*(-1 - -16). What is the highest common factor of 4 and g?
2
Suppose -4*u + 94 = 5*c, -34 - 54 = -3*u + 5*c. Let p be (5 - 4)*(-260)/(-4). Calculate the highest common factor of p and u.
13
Let i = 26 - 12. Let h be i/28 - 38/(-4). What is the highest common divisor of 5 and h?
5
Let h(i) = 92*i**2 + 2. Let b be h(-2). Suppose 2*v = 5*l - 0*v - b, 0 = 3*l - 5*v - 241. Let n = l + -15. What is the highest common factor of n and 38?
19
Suppose a = 4*q + 43, 4*q + 51 = 2*a + 3*q. Let r = -6 + a. Let n = r + -6. What is the greatest common divisor of n and 121?
11
Let z = -70 - -100. Calculate the greatest common divisor of 90 and z.
30
Let x(l) = l + 8. Let a be x(-8). Suppose 3*z + 4 - 25 = -2*g, a = -3*g + z + 4. Calculate the greatest common divisor of 3 and g.
3
Suppose r = 5*r - 112. What is the greatest common divisor of 42 and r?
14
Let i(l) = -2*l**3 - l**2 + 1. Let v be i(-1). Calculate the greatest common factor of 2 and v.
2
Suppose p - 6*p = -200. Calculate the highest common factor of p and 5.
5
Let y = 14 + -5. Let g = 8 + -6. Suppose -g*w + 3 = -w. Calculate the greatest common factor of y and w.
3
Suppose 0*l + 2*l - 56 = -2*t, 0 = -5*t - 4*l + 137. What is the highest common factor of 5 and t?
5
Let x(l) = 4*l**2 - 6*l + 4. Let c be x(4). Let p be (-1)/(-3)*(-5 + c). Calculate the greatest common factor of 143 and p.
13
Let r be (1 - -34) + 1 + -1. Suppose -5*d + l + 1402 = 0, 4*l + 4 = 2*l. What is the highest common factor of d and r?
35
Let h = 790 - 421. What is the highest common divisor of 41 and h?
41
Let r be 41*(0/3 - -1). Calculate the highest common factor of 41 and r.
41
Let c = 13 - -15. Suppose 0 = -2*z + 5*z - 54. Let d be 130/18 + (-4)/z. What is the highest common divisor of d and c?
7
Let m be (-2)/(-3) + (-2)/3. Let k be (m - -2)/((-2)/(-4)). What is the highest common divisor of k and 4?
4
Suppose 2*q = -2*q + 40. What is the greatest common factor of q and 10?
10
Let s = 8 - 4. Suppose i = -0*i + s. What is the greatest common divisor of 12 and i?
4
Let k be 130/(-26)*(42/(-10))/3. What is the highest common factor of 21 and k?
7
Let u(x) be the second derivative of x**3/6 + 3*x**2/2 - x. Let g be u(0). Let i be (g + -5)/((-2)/16). What is the highest common divisor of 8 and i?
8
Let y be 6/2 - (3 + -4). Let l = -2 - -2. Let b be l - (-21)/1 - 1. Calculate the highest common divisor of y and b.
4
Let x = 28 + -26. Let z be 3 + 2/(-6)*0. What is the highest common divisor of x and z?
1
Let i = -44 + 48. Calculate the greatest common factor of 10 and i.
2
Let q(n) = -4*n**2 + 11*n + 18. Let t(h) = 5*h**2 - 11*h - 19. Let r(d) = 6*q(d) + 5*t(d). Let j be r(-14). What is the greatest common factor of j and 5?
5
Let i = -435 + 788. Let q be i/(-9) + (-6)/(-27). Let t = q - -64. Calculate the highest common divisor of t and 5.
5
Let k = -4 - -6. Suppose 0*d - 2*d = k. Let c = 15 + d. Calculate the highest common divisor of c and 28.
14
Suppose 5*x - o - 16 = 0, -1 = o - 5. Suppose k + 2*j - 12 = -j, 3*j = -x*k + 84. Calculate the highest common factor of 16 and k.
8
Let f = 2 + 5. Suppose -q - 14 = -2*q. Calculate the highest common factor of f and q.
7
Let n be (1 - 3)*(3 + -5). Suppose 2*l = -n*z + 58, -3*l + 2*z + 60 + 51 = 0. Calculate the greatest common factor of 14 and l.
7
Suppose d - 3*c + 105 = 0, 5 + 1 = 2*c. Let b be d/(-10) - 12/(-30). What is the highest common divisor of b and 40?
10
Let t be 69/5 - (-3)/15. Let o be t*(1 + 2/(-14)). What is the highest common factor of 3 and o?
3
Let u(n) = -3*n**2 - 5*n - 2. Let f be u(-3). Let c be 12/(-28) + (-300)/f. What is the greatest common divisor of c and 14?
7
Suppose -39 + 134 = 5*t. Calculate the highest common factor of t and 57.
19
Let b = -36 + 58. Let p = b - 11. Suppose 5*k = p + 14, i - 13 = -2*k. Calculate the highest common factor of i and 1.
1
Suppose 5*k - 154 = -4*s, 4*k + 5*s - 155 = -k. Calculate the highest common factor of 50 and k.
10
Suppose -3*n + 24 = -6. What is the highest common divisor of n and 80?
10
Let f(w) be the second derivative of 37*w**4/12 + w**3/3 - 2*w. Let z(j) = j. Let s be z(-2). Let u be f(s). What is the highest common divisor of 18 and u?
18
Let q(n) be the second derivative of 5*n**4/12 + n**3/3 - n**2/2 - 7*n. Let v be q(-2). What is the greatest common factor of 75 and v?
15
Let t(a) = -a**3 - 9*a**2 - 2*a + 21. Let l be t(-9). What is the greatest common factor of l and 3?
3
Let g(q) = q**2 + 7*q + 9. Let z be g(-9). Suppose -k + z = 2*p, 4*p - 69 = -5*k + 48. Let o = -12 + 26. What is the highest common factor of o and k?
7
Let n = 23 - 14. Suppose p - 21 = 3*k, -4*p - 2*k + 18 = 4. Calculate the greatest common divisor of p and n.
3
Suppose 52*s = 47*s + 210. What is the highest common divisor of 6 and s?
6
Suppose -11 + 3 = 4*f. Let j(w) = w. Let v be j(-2). Let l be f/(v + (-464)/(-234)). Calculate the greatest common divisor of l and 13.
13
Suppose -o = 3*p, 0*o = 4*o. Suppose -b + 7 = -p*b. Let j = -8 - -15. What is the greatest common factor of j and b?
7
Let o(w) = 3*w**2 + 4*w**2 - 6*w**2 - w - 1. Let s be o(3). What is the highest common divisor of s and 5?
5
Let d be 30/(-4)*(-20)/3. Let c = 157 - 32. Calculate the highest common divisor of d and c.
25
Suppose 0 = -2*z + 4*a + 1 - 5, -5*z - 4*a = 10. Let n be (-1)/(1 + z)*17. Calculate the greatest common divisor of 34 and n.
17
Suppose 3*w - 12 = 0, m - 3*w + 411 = 4*m. What is the greatest common factor of 7 and m?
7
Let u(v) = 2*v**2 - 3*v**2 - 3*v - 1 + 2. Let r be u(-5). Let y = r + 22. What is the greatest common divisor of y and 104?
13
Let f be 3*5/(-60) - (-506)/8. Calculate the highest common divisor of f and 9.
9
Let a = 4 - -15. Suppose 398 = 5*q - 267. What is the highest common factor of q and a?
19
Let i(a) = 3*a - 1. Let b be i(5). What is the greatest common divisor of b and 35?
7
Let u be 2 + -1 - (4 - 4). Let n be u*2/2 + 13. Let z(r) = 2*r - 5. Let d be z(6). Calculate the highest common divisor of d and n.
7
Let q be 0 - 9/(-3) - -1. Suppose -499 + 107 = -q*b. What is the highest common divisor of b and 14?
14
Let p = 748 - 532. Suppose n - p = -n. Let a(u) = u**2 + 4*u - 9. Let o be a(-7). What is the greatest common factor of o and n?
12
Let r be 4 + -4 + 8 - 3. Calculate the greatest common factor of r and 20.
5
Suppose 0 = 5*m - 4*r - 105, 0 = -3*m - 2*r - r + 90. Suppose -5*a - 2*l + 50 = 2, -a - 2*l + 8 = 0. What is the highest common factor of m and a?
5
Let s = 23 + -13. Let a be ((-4)/10)/((-1)/25). Calculate the highest common divisor of s and a.
10
Suppose -1 = 3*b - 7. Suppose 120 = b*x + 3*x. Calculate the highest common divisor 